is divided by 627.
625
What is the remainder when 496401 is divided by 123262?
3353
Calculate the remainder when 517564 is divided by 2449.
825
Calculate the remainder when 4814621 is divided by 112.
77
Calculate the remainder when 7498503 is divided by 862.
827
Calculate the remainder when 42074 is divided by 1009.
705
What is the remainder when 453324012 is divided by 5?
2
What is the remainder when 186852 is divided by 25490?
8422
What is the remainder when 708444 is divided by 2035?
264
Calculate the remainder when 856219 is divided by 214023.
127
What is the remainder when 1666059 is divided by 5?
4
Calculate the remainder when 111993653 is divided by 57.
53
Calculate the remainder when 1099377 is divided by 549685.
7
Calculate the remainder when 187488058 is divided by 2051.
2046
Calculate the remainder when 106764371 is divided by 446.
445
Calculate the remainder when 19777969 is divided by 65.
29
Calculate the remainder when 36928 is divided by 2179.
2064
What is the remainder when 410334 is divided by 136768?
30
Calculate the remainder when 88277 is divided by 21931.
553
What is the remainder when 694172 is divided by 115602?
560
Calculate the remainder when 39540297 is divided by 37.
25
Calculate the remainder when 11291655 is divided by 61.
6
What is the remainder when 19781 is divided by 821?
77
Calculate the remainder when 170671399 is divided by 27.
25
Calculate the remainder when 812987 is divided by 1210.
1077
What is the remainder when 72953204 is divided by 1863?
1850
Calculate the remainder when 675473 is divided by 6197.
0
What is the remainder when 164480606 is divided by 237?
236
What is the remainder when 3014263 is divided by 1434?
1429
What is the remainder when 812493 is divided by 2955?
2823
Calculate the remainder when 936980 is divided by 93.
5
What is the remainder when 101958 is divided by 50960?
38
Calculate the remainder when 14325494 is divided by 15.
14
Calculate the remainder when 102926519 is divided by 25.
19
Calculate the remainder when 17351632 is divided by 17351623.
9
What is the remainder when 306744 is divided by 109?
18
Calculate the remainder when 9836931 is divided by 23.
15
Calculate the remainder when 48362 is divided by 816.
218
What is the remainder when 38245 is divided by 636?
85
What is the remainder when 42505833 is divided by 48?
9
Calculate the remainder when 46320 is divided by 3552.
144
What is the remainder when 2637481 is divided by 14?
7
Calculate the remainder when 4268128 is divided by 1422693.
49
Calculate the remainder when 146309 is divided by 71957.
2395
What is the remainder when 79921971 is divided by 294915?
6
What is the remainder when 98451 is divided by 104?
67
What is the remainder when 12623376 is divided by 1247?
1242
Calculate the remainder when 53055 is divided by 568.
231
What is the remainder when 18597507 is divided by 1690682?
5
What is the remainder when 595153 is divided by 3628?
161
What is the remainder when 45288 is divided by 7373?
1050
Calculate the remainder when 22336237 is divided by 9102.
9031
Calculate the remainder when 173455 is divided by 21665.
135
Calculate the remainder when 1730599 is divided by 75227.
378
Calculate the remainder when 366955 is divided by 10191.
79
What is the remainder when 1589979 is divided by 5540?
5539
What is the remainder when 110486 is divided by 1556?
10
What is the remainder when 2788723 is divided by 2599?
2595
What is the remainder when 40582 is divided by 12673?
2563
Calculate the remainder when 4051550 is divided by 2732.
2726
Calculate the remainder when 888302 is divided by 6344.
142
What is the remainder when 16870 is divided by 110?
40
What is the remainder when 265536 is divided by 168?
96
Calculate the remainder when 15908973 is divided by 25.
23
Calculate the remainder when 21067279 is divided by 37.
34
Calculate the remainder when 780950759 is divided by 901.
900
Calculate the remainder when 242488 is divided by 265.
13
What is the remainder when 112097227 is divided by 4194?
4189
Calculate the remainder when 64020 is divided by 10635.
210
What is the remainder when 6808898 is divided by 284?
282
What is the remainder when 26767 is divided by 1854?
811
Calculate the remainder when 128171 is divided by 35.
1
Calculate the remainder when 19955856 is divided by 573.
558
What is the remainder when 680261 is divided by 5447?
4833
What is the remainder when 88022041 is divided by 769?
763
Calculate the remainder when 484159 is divided by 215.
194
Calculate the remainder when 4718320 is divided by 254.
16
Calculate the remainder when 620495 is divided by 7215.
5
What is the remainder when 151510935 is divided by 782?
781
Calculate the remainder when 66005459 is divided by 33002723.
13
Calculate the remainder when 30085 is divided by 29863.
222
Calculate the remainder when 5198390 is divided by 1732793.
11
What is the remainder when 167494 is divided by 2993?
2879
Calculate the remainder when 40975 is divided by 40726.
249
What is the remainder when 1446723 is divided by 311?
262
Calculate the remainder when 264879 is divided by 26475.
129
What is the remainder when 126477 is divided by 14032?
189
Calculate the remainder when 215288508 is divided by 104.
84
Calculate the remainder when 1071017 is divided by 118996.
53
What is the remainder when 150206 is divided by 7507?
66
Calculate the remainder when 14731789 is divided by 2571.
2530
What is the remainder when 484588 is divided by 4135?
793
Calculate the remainder when 459327 is divided by 117.
102
Calculate the remainder when 484021 is divided by 7680.
181
What is the remainder when 124963188 is divided by 9?
6
What is the remainder when 37838 is divided by 548?
26
What is the remainder when 216236 is divided by 447?
335
What is the remainder when 122019728 is divided by 670?
668
What is the remainder when 88994 is divided by 11100?
194
Calculate the remainder when 6667299 is divided by 29.
25
Calculate the remainder when 1899142 is divided by 90.
52
Calculate the remainder when 46602 is divided by 382.
380
What is the remainder when 188863782 is divided by 4376?
4374
What is the remainder when 952277 is divided by 575?
77
Calculate the remainder when 6743 is divided by 857.
744
Calculate the remainder when 14936911 is divided by 5373.
5344
Calculate the remainder when 1666730 is divided by 555574.
8
Calculate the remainder when 2176071 is divided by 1.
0
What is the remainder when 41950 is divided by 433?
382
What is the remainder when 6409436 is divided by 81?
68
Calculate the remainder when 4498847 is divided by 8602.
1
Calculate the remainder when 11684314 is divided by 80.
74
What is the remainder when 15560578 is divided by 5186848?
34
Calculate the remainder when 9207809 is divided by 148.
137
Calculate the remainder when 1247935 is divided by 802.
23
Calculate the remainder when 28959280 is divided by 15.
10
What is the remainder when 139871 is divided by 230?
31
What is the remainder when 75179 is divided by 3721?
759
What is the remainder when 5980687 is divided by 147?
139
Calculate the remainder when 40651 is divided by 4052.
131
Calculate the remainder when 193805 is divided by 64098.
1511
Calculate the remainder when 2657400 is divided by 5150.
0
Calculate the remainder when 89985112 is divided by 306.
304
What is the remainder when 9057716 is divided by 244803?
5
What is the remainder when 1085833 is divided by 754?
73
What is the remainder when 8067546 is divided by 1344589?
12
What is the remainder when 723383 is divided by 29?
7
Calculate the remainder when 240659 is divided by 13358.
215
What is the remainder when 44482 is divided by 2226?
2188
Calculate the remainder when 618130 is divided by 746.
442
Calculate the remainder when 9115 is divided by 1815.
40
Calculate the remainder when 222613 is divided by 455.
118
Calculate the remainder when 3487032 is divided by 91.
3
Calculate the remainder when 231550 is divided by 917.
466
Calculate the remainder when 185203 is divided by 288.
19
Calculate the remainder when 3160888 is divided by 32584.
240
What is the remainder when 455669384 is divided by 1342?
1336
What is the remainder when 274160 is divided by 273954?
206
Calculate the remainder when 1644775 is divided by 205588.
71
Calculat